
Let k(i) = -8*i - 6. Let f be k(-12). Calculate the highest common factor of 15 and f.
15
Let q(r) = -r**2 - 4*r. Let y be q(-2). Let c = y - 2. Let k be ((-7)/(-2))/(c/12). What is the highest common factor of 231 and k?
21
Let w(c) = c + 6. Let q be w(5). Let o = q + -19. Let k = 23 + o. What is the greatest common factor of 10 and k?
5
Suppose 48 = -2*y + 160. Calculate the greatest common factor of y and 14.
14
Suppose 0 = -w + 5*w + 8. Let r = 5 + w. Suppose -323 = -r*h - o, -4*h + 5*o = -664 + 227. Calculate the highest common divisor of 12 and h.
12
Let c(o) = 4*o - 4. Let s be c(4). Suppose 0*n + 5*n + 51 = -4*h, -2*h + 5*n = 33. Let f be (-2)/h + 82/14. What is the highest common factor of s and f?
6
Let c be (-10)/8*(-88)/1. Suppose -2*h = v - 3*h, 2*h = 4*v. Suppose 5*k - 2*k - 30 = v. What is the highest common divisor of k and c?
10
Let b = 51 - 31. Calculate the greatest common divisor of 50 and b.
10
Suppose -327 = r - 4*r - 4*f, -5*f = 2*r - 225. Calculate the greatest common divisor of 21 and r.
21
Suppose -4*h - h = -250. Calculate the greatest common factor of h and 2.
2
Let t = 6 - -21. Let n(u) = -u**3 - 13*u**2 - 16*u - 21. Let i be n(-12). What is the greatest common factor of t and i?
27
Suppose k - 11 = -4. Suppose 15 + 0 = 5*g. Suppose a = m - 22, -4*a = 2*m - g*a - 41. What is the highest common divisor of k and m?
7
Let w be (-1)/5 - 46095/25. Let t be 3/(-12) - w/16. What is the highest common factor of t and 46?
23
Let n = -92 + 147. What is the highest common divisor of n and 22?
11
Let k = 409 - 290. Calculate the greatest common factor of 17 and k.
17
Suppose -120 = -w + 20. What is the highest common factor of w and 20?
20
Let h(x) = -16*x + 6. Let j be h(-7). Let m = -78 + j. Let n = m - 1. What is the highest common factor of n and 26?
13
Let f = 48 - 31. Calculate the greatest common factor of f and 85.
17
Suppose 0 = w + 2*g, 1 = -2*w - g + 4. Calculate the greatest common factor of w and 4.
2
Let w be 2/8 - 46/(-8). Let m be (1 - (-6)/(-4))*24. Let a be (-1)/3 - 112/m. Calculate the greatest common factor of w and a.
3
Suppose -7*s = -125 - 15. What is the highest common factor of 40 and s?
20
Let p(m) = 8*m - 12. Let f be p(10). Suppose 2*w - 56 = -3*k - 10, 2*w - k = 30. What is the highest common divisor of f and w?
17
Let k = 19 - -8. Suppose p - 4*u - 19 - 2 = 0, 0 = 2*p + 4*u - 6. Calculate the highest common divisor of p and k.
9
Suppose -5*a + 60 = -45. Suppose -a = w - 4*w. What is the greatest common divisor of 77 and w?
7
Suppose -5*n = -9*n + 20. Calculate the highest common divisor of 1 and n.
1
Let n(o) = 2*o**3 - 3*o**2 - 4*o - 4. Let j be n(4). What is the greatest common divisor of 10 and j?
10
Let g = 122 - 86. What is the greatest common divisor of g and 288?
36
Suppose 0 = -4*n - 16, -5*h + 4*n = 2*n - 428. Suppose 5*a - 44 = 16. What is the greatest common divisor of h and a?
12
Suppose -2*x + 0 = -10. Suppose 0*i + 12 = 3*i - m, -21 = -x*i + 2*m. Let u(g) = g. Let j be u(6). Calculate the greatest common divisor of i and j.
3
Let x = -13 - -37. Suppose -5*s + x = -s. What is the greatest common factor of 9 and s?
3
Let s = -120 - -174. Calculate the highest common factor of s and 27.
27
Suppose 20 = 5*p, -5*p - 940 = -9*v + 4*v. What is the greatest common divisor of v and 12?
12
Suppose 0 = 4*u + 34 - 186. Let l = -24 + u. Calculate the greatest common factor of l and 7.
7
Let t be (3/2)/(3/44). Calculate the greatest common factor of 33 and t.
11
Suppose -198 = -4*a + 2*z, -4*a + 253 - 61 = 4*z. Calculate the highest common factor of a and 21.
7
Suppose -4*f - 4*u + 52 = -0*u, 0 = -f + 5*u + 43. Calculate the greatest common factor of f and 6.
6
Let v = -7 + 14. Calculate the highest common factor of 7 and v.
7
Suppose 5*c = 3*c + 4*a - 4, -12 = -c - 5*a. What is the greatest common divisor of c and 18?
2
Let w be (2 + 98/(-4))*16/(-10). Calculate the highest common divisor of w and 4.
4
Suppose -f = 2*f - 162. What is the greatest common divisor of f and 6?
6
Suppose 2*s - 2*t = 26, -t = -2*s - 0*t + 21. Suppose 3*g - 3*k - 33 = 0, -1 = 3*k + 8. Calculate the highest common factor of g and s.
8
Suppose 21 = -4*p + 53. Let l be 3*1 - (-2 + 3). Calculate the highest common factor of l and p.
2
Suppose 0 = 5*v - 62 - 38. Suppose -n - 8 = -4*q + 3*n, -4*n = -3*q + 3. What is the highest common divisor of v and q?
5
Let s be 2 - (2 + -3 + -1). Suppose -3 = 3*o - 9. Suppose 0 = o*q - s - 2. What is the greatest common factor of 2 and q?
1
Let l(t) = -123*t**2 + 123*t**2 + 2*t**3. Let s be l(2). Calculate the greatest common factor of 80 and s.
16
Let k be (-3)/1 + 7 - 1. Calculate the greatest common divisor of 21 and k.
3
Let o be (-1452)/(-11) - (-2 + 1). Suppose p + 3*j - 15 = 2*j, -49 = -3*p - 2*j. Calculate the highest common divisor of p and o.
19
Suppose -j - 4*i + 0*i = 17, 2*j - 5*i = -8. Let q be 1/(-3) + (-1704)/j. What is the highest common divisor of 21 and q?
21
Suppose 3*p = -0*p + 2*n + 82, -2*p - 3*n = -59. What is the highest common factor of p and 4?
4
Let f(u) = -u + 5. Let a be f(-5). Suppose c = 2*r - 0*r - 5, -2*c - 15 = -5*r. Calculate the greatest common divisor of a and r.
5
Let t(u) = -u**2 + 8. Let n be t(-9). Let s = -43 - n. Calculate the highest common factor of s and 10.
10
Suppose 3*w + 2*b = 6, 4*w + 4 = 2*b + 26. Suppose 0 = 2*i - w*i + 28. Let q be 14/(5/4 - 1). What is the highest common divisor of i and q?
14
Suppose 50 = 4*h - 6. What is the greatest common factor of 126 and h?
14
Let v = 90 - 16. Let w be (-6)/(-10) - v/(-10). What is the highest common divisor of 40 and w?
8
Let d = -3 - -18. Calculate the highest common factor of 60 and d.
15
Let x(f) = -f**3 - 10*f**2 - 9*f - 2. Let q be x(-9). Let r be (-12 + -3)*q/3. Calculate the greatest common divisor of r and 70.
10
Suppose 0 = -5*v + 201 + 204. Suppose 0 = -6*w + 3*w + v. Suppose -5*q + 35 = -5*x, -w = 3*q - 4*q - 4*x. Calculate the greatest common divisor of 11 and q.
11
Suppose -3*d + 49 = -2. Let q = -11 + d. Suppose -4*x + 3*x = -9. Calculate the highest common factor of x and q.
3
Let n be -5 - (-12)/(-4)*-5. Calculate the greatest common divisor of 270 and n.
10
Suppose -2*f - f = -12. Let r = 8 - 4. Calculate the highest common divisor of f and r.
4
Suppose -33 = -3*n - 3*c, 5*n - 52 + 2 = -4*c. What is the greatest common divisor of n and 12?
6
Let q be 1/(-3)*(0 + 0). Suppose 2*z + q*z - 16 = 0. Calculate the highest common factor of z and 64.
8
Suppose -2*k + 27 = 5. What is the greatest common divisor of k and 44?
11
Let g be ((-3)/(60/(-16)))/((-1)/(-30)). Suppose 6*v - 3*v = -5*k + 288, 2*v = -2*k + 192. What is the greatest common divisor of g and v?
24
Let m = 11 - -29. Let h(p) = -p**3 - 2*p**2 - p - 4. Let q be h(-3). Calculate the highest common divisor of m and q.
8
Suppose 2*y - 6*z - 158 = -2*z, 5*y + z = 373. Calculate the highest common factor of y and 30.
15
Let y = 91 - 5. What is the highest common factor of 43 and y?
43
Let y(h) = h - 3. Let a be y(27). Let s(x) = x**3 - 3*x**2 - 8*x + 6. Let f be s(5). Calculate the greatest common factor of a and f.
8
Let i(c) = 5*c**3 - 1. Let f be i(1). Let d = 9 - f. Suppose -3*l = -d*p - 0*p + 19, 0 = 3*l - 3*p + 9. What is the highest common factor of l and 12?
2
Let n(g) = 2*g**3 + 3*g**2 - 2*g - 5. Let f be n(-4). Let k = f - -127. Calculate the greatest common divisor of 20 and k.
10
Let f be (-68)/(-6) - (-2)/3. What is the highest common divisor of f and 72?
12
Suppose 4*h - 7*h + 108 = 0. What is the highest common divisor of h and 24?
12
Suppose 4*a - 3*a = 32. What is the greatest common divisor of 64 and a?
32
Suppose -3*u + 6 + 30 = 0. Suppose -2*v + 5*v = 144. Calculate the greatest common divisor of v and u.
12
Suppose m - 183 = -3*m - 3*z, 5*m = -4*z + 229. Let y = -10 + 28. What is the greatest common divisor of y and m?
9
Suppose -2*m = -3*q + 299, 97 - 3 = q + 5*m. What is the greatest common factor of 9 and q?
9
Suppose -4*x - 2*m + m + 37 = 0, 5 = m. What is the highest common divisor of 32 and x?
8
Let w = 62 - 41. What is the greatest common factor of 168 and w?
21
Let v be 123*(-2 - (-4)/3). Let s = -37 - v. Calculate the greatest common factor of s and 9.
9
Let g be (-8)/12*(-19 - -1). Let c(o